e 5) in base 7?
260401
What is -1032 (base 5) in base 13?
-ac
What is -3965 (base 11) in base 2?
-1010000100001
-2375 (base 8) to base 6
-5525
What is -2101 (base 13) in base 5?
-121224
Convert -6201 (base 10) to base 13.
-2a90
Convert -7958 (base 12) to base 8.
-32224
What is 14a5 (base 14) in base 6?
25001
What is -13102 (base 4) in base 11?
-394
Convert -2329 (base 11) to base 9.
-4165
154a (base 11) to base 4
133012
What is 466 (base 9) in base 14?
1d6
252 (base 6) to base 4
1220
-2120212 (base 3) to base 16
-75e
Convert -205025 (base 6) to base 12.
-9775
Convert -2363 (base 9) to base 3.
-2102010
321 (base 13) to base 10
534
What is -cc (base 15) in base 16?
-c0
Convert -11101011110100 (base 2) to base 9.
-22628
-3a1 (base 16) to base 10
-929
616 (base 15) to base 13
816
Convert -1610 (base 7) to base 4.
-22010
2032 (base 7) to base 9
867
48a (base 14) to base 7
2433
-1544 (base 7) to base 16
-26c
What is 1483 (base 12) in base 5?
34103
What is 3512 (base 6) in base 2?
1101000100
Convert 8799 (base 11) to base 6.
125415
Convert 47a (base 14) to base 6.
4044
312211 (base 5) to base 16
2842
Convert 100111010100 (base 2) to base 12.
1558
Convert -44a (base 11) to base 5.
-4123
Convert 225 (base 7) to base 8.
165
Convert 20034 (base 5) to base 3.
1202000
Convert -14455 (base 6) to base 2.
-100100100011
What is 321405 (base 6) in base 4?
12122231
Convert 534 (base 12) to base 8.
1370
-22001210 (base 3) to base 2
-1011011111000
2731 (base 16) to base 3
111202121
Convert 10011110000011 (base 2) to base 3.
111212122
Convert 3304 (base 6) to base 3.
1001011
What is -252 (base 12) in base 15?
-185
Convert 254511 (base 7) to base 4.
23202030
What is 71 (base 14) in base 9?
120
What is 2211 (base 12) in base 14?
1525
Convert -2368 (base 15) to base 13.
-3569
Convert 1133 (base 10) to base 8.
2155
Convert 84 (base 12) to base 15.
6a
What is 365 (base 15) in base 8?
1402
Convert -11414 (base 6) to base 15.
-761
213113 (base 5) to base 11
5521
What is 5218 (base 10) in base 13?
24b5
What is -37124 (base 10) in base 15?
-aeee
What is -4006 (base 9) in base 10?
-2922
Convert -3162 (base 14) to base 7.
-33552
What is 88 (base 12) in base 3?
10212
Convert -647 (base 14) to base 6.
-5423
What is -101000001001 (base 2) in base 9?
-3464
Convert -40805 (base 9) to base 6.
-324305
What is -2332 (base 7) in base 12?
-5b4
What is -26941 (base 11) in base 9?
-57608
What is 2151 (base 16) in base 13?
3b61
What is -101001001 (base 2) in base 12?
-235
-b54 (base 15) to base 6
-15454
What is -4729 (base 16) in base 5?
-1040332
What is 2 (base 15) in base 7?
2
What is -1206 (base 7) in base 3?
-121120
Convert -211211 (base 3) to base 14.
-320
What is 201022 (base 5) in base 8?
14363
Convert -120121 (base 3) to base 15.
-1d1
Convert 100002 (base 3) to base 4.
3311
Convert -102145 (base 7) to base 3.
-220002221
What is -954 (base 11) in base 15?
-518
102102002 (base 3) to base 7
33152
Convert -182 (base 12) to base 11.
-200
Convert -34a (base 12) to base 16.
-1ea
33a7 (base 12) to base 6
42331
Convert 101010010 (base 2) to base 12.
242
Convert 1ee4 (base 16) to base 13.
37a4
What is -3122 (base 6) in base 16?
-2ba
Convert 12022 (base 4) to base 15.
1b4
-351035 (base 6) to base 15
-8d82
What is 6554 (base 14) in base 3?
220000211
Convert 2211212 (base 5) to base 2.
1001010110100011
-114 (base 9) to base 16
-5e
What is 121022220 (base 3) in base 14?
44a4
What is -13132101 (base 4) in base 9?
-45880
Convert -233b (base 14) to base 16.
-17f1
What is 79ac (base 15) in base 14?
959a
Convert -51 (base 14) to base 10.
-71
What is 245 (base 13) in base 4?
12023
-98 (base 15) to base 14
-a3
What is -23423 (base 5) in base 4?
-123022
Convert 30252 (base 10) to base 13.
10a01
Convert -30030120 (base 4) to base 11.
-34584
4a21 (base 11) to base 2
1100110011101
What is 94 (base 10) in base 14?
6a
2076 (base 16) to base 8
20166
Convert b4b (base 12) to base 7.
4535
1082 (base 13) to base 4
203333
-69c1 (base 14) to base 9
-27211
Convert -123 (base 15) to base 4.
-10002
Convert -124203 (base 5) to base 4.
-1031000
Convert 1221020111 (base 3) to base 12.
1a057
-1022001 (base 3) to base 11
-790
Convert -1096 (base 10) to base 6.
-5024
3a (base 16) to base 3
2011
Convert -1141 (base 5) to base 14.
-c3
Convert 12120202 (base 4) to base 10.
26146
What is -21023 (base 4) in base 15?
-292
What is 2210202 (base 4) in base 15?
31c0
What is -537 (base 13) in base 10?
-891
1390 (base 15) to base 12
2509
15335 (base 8) to base 10
6877
Convert 1122212 (base 3) to base 11.
a01
Convert -212211 (base 4) to base 12.
-1519
366 (base 10) to base 6
1410
b807 (base 13) to base 3
1022000102
What is 556b (base 15) in base 6?
215445
Convert 110244 (base 5) to base 6.
25412
What is 2203 (base 5) in base 12?
213
Convert -2cc (base 13) to base 3.
-200202
-2223300 (base 4) to base 9
-16063
What is 300122 (base 4) in base 5?
44343
11941 (base 10) to base 3
121101021
What is b353 (base 16) in base 3?
2022222021
13521 (base 9) to base 6
110244
Convert 20332 (base 8) to base 7.
33343
Convert -5b4 (base 15) to base 6.
-5554
What is 1825 (base 15) in base 12?
3022
32001202 (base 4) to base 7
326320
What is -c31 (base 16) in base 4?
-300301
What is 4013130 (base 5) in base 3?
10020011100
-c04 (base 14) to base 5
-33411
What is 110001000111 (base 2) in base 14?
1207
Convert 33a1 (base 11) to base 12.
2703
What is 17504 (base 13) in base 5?
2413124
Convert -44 (base 5) to base 12.
-20
-14 (base 5) to base 12
-9
Convert -220413 (base 5) to base 13.
-3603
What is -22322212 (base 4) in base 7?
-244231
-112123 (base 4) to base 13
-865
What is -24401 (base 5) in base 8?
-3473
6081 (base 12) to base 3
112100121
What is 1e2c (base 15) in base 16?
19a7
What is -684 (base 16) in base 13?
-9b4
What is -10242 (base 5) in base 11?
-584
-1320 (base 16) to base 10
-4896
Convert 322232 (base 4) to base 8.
7256
What is 13666 (base 11) in base 10?
19432
3000 (base 5) to base 12
273
-1120021211 (base 3) to base 8
-74155
Convert -1a3 (base 11) to base 6.
-1030
2317 (base 9) to base 8
3265
What is -286 (base 9) in base 7?
-462
Convert 2120010 (base 3) to base 6.
12350
What is c90 (base 15) in base 2?
101100010011
Convert -35e (base 15) to base 12.
-538
Convert 9dcd (base 15) to base 13.
12325
Convert -d26b (base 15) to base 10.
-44426
Convert 26 (base 8) to base 12.
1a
-108b0 (base 12) to base 5
-1201040
-1bb9 (base 13) to base 10
-4208
13194 (base 11) to base 15
58c3
What is 11210 (base 4) in base 11?
2a4
Convert 355 (base 10) to base 11.
2a3
What is 6043 (base 9) in base 7?
15603
What is 12442 (base 9) in base 15?
273b
What is -27132 (base 10) in base 14?
-9c60
What is 33545 (base 6) in base 12?
28b5
What is 15a (base 15) in base 3?
102111
Convert 24000 (base 6) to base 11.
2662
What is -1480 (base 11) in base 3?
-2121111
31321 (base 5) to base 6
13354
-2303 (base 6) to base 15
-263
What is 136120 (base 7) in base 9?
38754
-5024 (base 12) to base 9
-12801
Convert 26412 (base 7) to base 16.
1b99
What is -8544 (base 9) in base 3?
-22121111
-10772 (base 8) to base 2
-1000111111010
Convert 10332100 (base 4) to base 10.
20368
-1111143 (base 5) to base 15
-5bd3
-22203 (base 5) to base 16
-611
What is 6a6 (base 11) in base 15?
3b2
What is -101557 (base 8) in base 9?
-51135
1337 (base 11) to base 6
12010
Convert 222023 (base 4) to base 3.
10200222
What is -2989 (base 10) in base 14?
-1137
What is -205122 (base 8) in base 14?
-1abbc
What is 535 (base 16) in base 4?
110311
Convert -3142 (base 7) to base 13.
-673
-1111140 (base 5) to base 3
-222210220
-110322 (base 5) to base 10
-3837
-1351 (base 6) to base 3
-111011
10200012 (base 3) to base 7
10544
Convert 13b (base 13) to base 9.
263
Convert -100144 (base 5) to base 8.
-6146
Convert 3b8 (base 15) to base 13.
503
What is -2120001 (base 3) in base 9?
-2501
-60 (base 7) to base 8
-52
Convert -48114 (base 9) to base 13.
-11848
What is 111001001101 (base 2) in base 12?
2151
What is -2204444 (base 5) in base 8?
-112354
Convert -202100010 (base 3) to base 14.
-5590
What is -73171 (base 9) in base 4?
-23302003
What is 11538 (base 9) in base 5?
221410
Convert -459 (base 11) to base 6.
-2312
-23a (base 12) to base 13
-1c9
What is -13061 (base 8) in base 13?
-2780
What is -2029 (base 11) in base 16?
-a85
